h) = -6*h**2 + 5*h**2 + 10 + 15*h - 7 + 2. What is the remainder when 24 is divided by z(15)?
4
Let s be ((-8)/10)/(6/(-15)). Suppose s*w - 34 = -5*o + 62, 0 = 2*o + 4. Let f = w + -28. Calculate the remainder when 47 is divided by f.
22
Let o = 214 - 206. Suppose -38 = 5*z + u - 3*u, 4*z + 32 = 2*u. Calculate the remainder when z/21 - 410/(-14) is divided by o.
5
Calculate the remainder when 7 + (8 - (0 + 7)) + 101 is divided by 59.
50
Let a(w) = -w**3 - 6*w**2. Let r be a(-5). Let u = 57 + r. Calculate the remainder when 157 is divided by u.
29
Let z = 810 + -687. What is the remainder when z is divided by 25?
23
Let y be (-30)/4*12/(-10). Suppose -n + 7 = -y. What is the remainder when 31 is divided by n?
15
Suppose -12*f + 35 = -5*f. Suppose 0*j = 5*j - 90. What is the remainder when j is divided by f?
3
Let p be -1*3 + (-112)/(-14). Suppose -s + 4*j + 92 = 0, p*s + 4*j - 434 = 74. Suppose -7*i = -187 - s. What is the remainder when 122 is divided by i?
40
Let b(z) = 2*z**3 - 31*z**2 + 41*z + 17. Calculate the remainder when b(14) is divided by 14/4 + 1/(-2).
0
Let n(m) = -m + 51. Let a(p) = 5*p + 3. What is the remainder when n(0) is divided by a(3)?
15
Calculate the remainder when 227 is divided by (1 - -2) + -7 - 37/(-1).
29
Let h(u) = 14*u + 111. What is the remainder when 72 is divided by h(-6)?
18
Suppose 0 = -u + 4*o + 48 - 148, 3*o - 195 = 2*u. Let x = -59 - u. Calculate the remainder when x is divided by (-104)/(-12) - (-4)/(-6).
5
Suppose 0 = 4*f - 69 - 43. What is the remainder when (f/(-35))/(3/(-195)) is divided by (-1 + 1 - -2) + 16?
16
Suppose -22*b = -37*b + 180. Calculate the remainder when 44 is divided by b.
8
Suppose 2*h + 0*h = 4*o + 2, -o = 0. Let s be 7 + -10 + 5/h. Suppose -2*l = 2*x - 16, 2*x + s*l - 26 = -2*l. What is the remainder when 8 is divided by x?
2
Let y(k) = 2*k**3 - 4*k**2 + 3*k - 1. Suppose -21 = -2*c + 5*x, -c = -3*c - 3*x - 3. Suppose 4 - 22 = -c*g. Calculate the remainder when y(3) is divided by g.
2
Let z = 72 - 67. Suppose -f + z*y - 128 = -4*f, 0 = -4*f - y + 165. What is the remainder when 119 is divided by f?
37
Let n(k) = k**2 + 7*k + 1. Let h be n(-8). Suppose -h*p = -454 - 482. Let r = 6 + 15. What is the remainder when p is divided by r?
20
Suppose -b = 4*i + 16, -i - 4*i = -2*b + 20. Let a = -184 - -85. Calculate the remainder when (-5625)/a - i/22 is divided by 20.
17
Let g be (2/1)/(6/(-15)). Suppose -7*b + 12*b + 35 = 0. What is the remainder when 20 is divided by (g + 4)/(1/b)?
6
Suppose 37*n - 9*n = -420. Let v(b) = -5*b**2 + 14*b - 16. Let z(o) = o**2 + 1. Let h(c) = v(c) + 6*z(c). What is the remainder when h(n) is divided by 3?
2
Let u be (-2)/3 - (-616)/6. Let j be (-4)/(-34) - (-1722)/u. Suppose j = 5*q + 7. Calculate the remainder when q is divided by 1.
0
Calculate the remainder when 403 is divided by (-6)/(-42) - (572/(-14))/1.
34
Let q = -1309 + 1637. Calculate the remainder when q is divided by 103.
19
Suppose -f - 5*p + 34 = 0, -2*f = -3*f + p + 34. Suppose -3 + f = k. Let a = -5 - -16. What is the remainder when k is divided by a?
9
Suppose 6*x - 4*h - 99 = -17, -2*x + 29 = -h. Calculate the remainder when 302 is divided by x.
13
Suppose z + 0*z - 18 = 0. Let q = 19 - z. What is the remainder when ((-4)/(-12))/(q/9) is divided by 2?
1
Let b = -9 + 24. Let d = 13531 + -13294. What is the remainder when d is divided by b?
12
Let w be 584/16 + (-3)/(-2). Suppose 0 = h + 4*c - 2 - 16, -h + c + w = 0. Calculate the remainder when h is divided by 12.
10
Suppose 5*l - 8 = 12. Suppose -l*g + 59 = -29. What is the remainder when 42 is divided by g?
20
Suppose 27 = 3*t - 2*b, 4*t + 3*b = 53 - 17. What is the remainder when 40 is divided by t?
4
Let n = -827 - -846. What is the remainder when 207 is divided by n?
17
Let s = -347 + 386. Calculate the remainder when s is divided by 15.
9
Suppose -3*l = -l - 3*z - 113, -l + 5*z = -46. Let v = -27 - -48. What is the remainder when l is divided by v?
19
Suppose -21 - 14 = -v. Suppose 3*i + 3*s - 33 = 0, -13 = -3*i + s + 28. What is the remainder when v is divided by i?
9
Suppose 39*b + 450 = -18*b + 1419. Let o = 41 - -40. Calculate the remainder when o is divided by b.
13
Let g(x) = -x**2 - 15*x - 14. What is the remainder when 39 is divided by g(-13)?
3
Let j be 10/4 + 1/2. Suppose -7*o = -j*o - 68. Suppose -19 - o = -3*l. Calculate the remainder when 70 is divided by l.
10
What is the remainder when (-12)/(-2) - (-280)/80*72/14 is divided by 13 + -1 + 2/1?
10
Suppose -4*o = 4 - 0, 0 = l - 5*o - 90. What is the remainder when l is divided by 22?
19
Suppose 0 = -t - 5*i + 166, 3*i = -7*t + 8*t - 142. What is the remainder when t is divided by 53?
45
Suppose 0 = -70*h + 72*h - 188. Calculate the remainder when 135 is divided by h.
41
Suppose -17*f + 19*f = 258. Calculate the remainder when f is divided by 34.
27
Suppose 0*t + 3*t - 5*v - 197 = 0, -199 = -3*t + 4*v. Suppose 2*d - 16 - 32 = 0. Calculate the remainder when t is divided by 426/d - 1/(-4).
15
Let m = 235 + -213. Suppose 2*b = -3*b + 310. What is the remainder when b is divided by m?
18
Let i = -60 + 181. Let o = -77 + i. Calculate the remainder when o is divided by 9.
8
Let z(v) = -v + 5. Let w be z(2). What is the remainder when 13 is divided by -1 - 0/(-1) - (-4 - w)?
1
Let a(s) = s - 5. Let n be 7*1 - 0/(-4). Suppose 2*m - 2 = -2*i, -3*m + i = m - 29. What is the remainder when m is divided by a(n)?
0
Suppose 6*h + 8*h = 42. Suppose -3*g + 145 = 2*g + h*m, m = 5*g - 145. What is the remainder when 113 is divided by g?
26
Suppose -3*b - 184 = -2*w, -11*b - 8 = -13*b. What is the remainder when w is divided by 49?
0
Suppose 0 = -3*c - 0*c + 192. Let d(z) = -3*z - 2. Let a be d(-2). Suppose -y - 51 = -a*y. Calculate the remainder when c is divided by y.
13
Let f(v) = 40*v + 41. What is the remainder when (-19 - -16)*(0 - 1) is divided by f(-1)?
0
Suppose 166 - 26 = j. Suppose 10*i - 14*i + j = 0. What is the remainder when (-4)/14 + 2985/i is divided by 29?
27
Let y be (-69)/((-3)/3) - 12/3. Suppose -y = -8*h + 15. Suppose 4*w - 5*s = -s + 128, 2*w - s - 69 = 0. Calculate the remainder when w is divided by h.
7
Suppose 2*s = 0, -4*v - 3*s + 116 = -s. Let m = -82 + 89. What is the remainder when v is divided by (m + (-6)/1)*(1 - -10)?
7
Suppose -5*m = 4*r - 3*r + 6, -4*r + 4*m + 48 = 0. What is the remainder when 98 is divided by r?
8
Suppose 0 = 3*f - 144 - 126. Let n(t) = t**2 + 4*t - 9. Let c be n(-6). What is the remainder when f is divided by (-62 + 0)*c/(-6)?
28
Let v(c) = 25*c + 37. What is the remainder when v(20) is divided by 90?
87
Suppose -66 = 22*i - 638. Calculate the remainder when i is divided by 9.
8
Let m = -1458 - -2054. What is the remainder when m is divided by 24?
20
Let h(x) = 35*x**3 + 10*x**2 - 4*x. Let k be h(3). Suppose -6*n = -k + 237. Calculate the remainder when n is divided by 34.
29
Suppose 260 = 3*v + 2*v. What is the remainder when v is divided by 9*(-4)/18*-2*2?
4
Suppose 243 = 7*q - 163. What is the remainder when q is divided by 21?
16
Suppose -32 - 14 = -w + 5*z, -w - 4*z + 55 = 0. What is the remainder when 223 is divided by w?
19
Suppose -12 = -20*i + 16*i. Suppose a - i = 2. What is the remainder when 9 is divided by a?
4
What is the remainder when 163 is divided by (5/(-2) - -1)/(9/(-198))?
31
Let s = -43 + 53. Suppose 4*w = -2*i + 20 + s, -5*i + 2*w = -63. What is the remainder when i is divided by -3 - 14*1/(-2)?
1
Suppose -2*x = -4*r + 16, -8*x + 2*r - 8 = -4*x. Suppose x = v - 18 - 19. Suppose -6*c = -9*c + 57. What is the remainder when v is divided by c?
18
Let l = 386 - 235. Calculate the remainder when l is divided by 20.
11
Let f = 57 + -52. Let b(q) = q**2 + q + 17. Let g(s) = 2*s - 1. Calculate the remainder when b(f) is divided by g(7).
8
Calculate the remainder when 267 is divided by (-10)/((-210)/(-9)) + (-954)/(-21).
42
Let n(x) = 4 - 10*x - 9 + 2 + 4. Suppose 0 = b + 4 - 11. What is the remainder when n(-1) is divided by b?
4
Suppose 3*z + z = 120. What is the remainder when z is divided by ((-180)/(-50))/((-39)/(-30) - 1)?
6
Let f = -57 - -244. Calculate the remainder when f is divided by 16.
11
Let x(n) = -214*n**2 + n + 2. Let a be x(2). Let r be (-2)/(-3) + a/(-18). Let v = 72 - r. Calculate the remainder when 9